when a is divided by i/(-6) - (-108)/8.
13
Suppose d - 5 = -0. Let h = d + -5. Suppose 0 = -4*o + 8, 79 = -h*p + 3*p + 5*o. What is the remainder when 67 is divided by p?
21
Suppose -w + 80 = -b, -381 = -4*w + 2*b - 55. Calculate the remainder when 1077 is divided by w.
81
Let i = -10 + 214. Suppose 0 = 3*y + 2*y - 5*f - 210, -2*f = -5*y + i. Calculate the remainder when y is divided by 14.
12
Suppose -2*j = -3*j + 10. Let m = 30 - j. What is the remainder when m is divided by 11?
9
Let y(g) = -g**2 - 8*g - 13. Let z = 8 + -14. Let w be y(z). What is the remainder when (w + 20/8)*10 is divided by 8?
7
Let f(j) = j**3 - 3*j**2 + j + 4. Let o be f(4). What is the remainder when 18 is divided by (o + -9)*(-1)/(-3)?
3
What is the remainder when 70 is divided by (-4)/(-8)*(-532)/(-38)?
0
Let p be 215/2 - (-7)/(-14). Suppose 0*z - y = -4*z + p, 0 = -z - 3*y + 17. Let n(b) = -3*b - 26. Calculate the remainder when z is divided by n(-12).
6
Let m(c) = 118*c + 14. Calculate the remainder when 303 is divided by m(0).
9
Let w(r) = r**3 + 4*r**2 - 3*r + 4. Let q be ((3 - 6) + -1)/1. Calculate the remainder when w(q) is divided by (11 + 1)/(2 + 0).
4
Let y be -2 - (-11 - (-3 + 5)). Let w = 11 - y. Let s = w + 7. What is the remainder when s is divided by 4?
3
Suppose 99 + 781 = 5*q. Suppose -2*j = -5*i + 213, -4*i + 2*j + j = -q. What is the remainder when i is divided by 22?
19
Suppose -55 = -9*l + 341. Calculate the remainder when l is divided by 16.
12
Let s(d) = 204*d - 66. What is the remainder when s(1) is divided by 14?
12
Let t = -1052 - -2263. What is the remainder when t is divided by 12?
11
Let o(p) = p + 20. Suppose -4*h = -7*h + 102. What is the remainder when h is divided by o(-7)?
8
Suppose 169 = 4*t - 5*k, -5*t - 17*k + 20*k = -221. Calculate the remainder when 412 is divided by t.
44
Let q(l) = l**3 + 8*l**2 - 10*l - 8. Let n be q(-9). Let o(v) = 39*v - 11. Calculate the remainder when o(n) is divided by 22.
6
Let k(d) = 54 - 28 - 9*d**3 - 27. Suppose 3*m = -m + 8, -5 = -z - 3*m. Calculate the remainder when 39 is divided by k(z).
7
Suppose 4*v + 10 = -5*k, 4*v + 22 = -2*k + 3*k. Suppose -k*g + 10 = o, g - 4*o = -4*g + 51. Suppose 3 = 4*f - 5. Calculate the remainder when g is divided by f.
1
Suppose -114 = -3*u + 3*p, 3*u + 7*p - 128 = 3*p. What is the remainder when (-72)/u*(-25 + 0) is divided by 23?
22
Suppose 1 - 9 = -4*t. Suppose 3*a = -n - 2*a - 1, 2*a = t*n - 10. What is the remainder when n/(-8)*-53*2 is divided by 28?
25
Let y(k) = -k**3 - 11*k**2 - 13*k - 3. What is the remainder when y(-10) is divided by 9?
0
Suppose 2*a + 85 = 3*o - 0*a, 0 = 3*o - 5*a - 100. Suppose 29060 - 17952 = 712*g - 77180. What is the remainder when g is divided by o?
24
Let f(k) = k**3 + 48*k**2 + 46*k - 22. What is the remainder when 86*(-3)/(-6) - -2 is divided by f(-47)?
20
Calculate the remainder when (-1)/(4/1644*-3) is divided by ((-24)/(-4) - 1) + 23.
25
Let u(p) = -4*p + 10. Let t be u(2). Suppose 0*w - 162 = -4*w - t*v, -4*w - v = -159. What is the remainder when w is divided by 8?
7
Let t = -915 - -931. Suppose 0 = 2*l + 4*r - 204, 120 = l - r + 6. Calculate the remainder when l is divided by t.
14
Let f(p) = 7*p + 5. Let h = 8 - 5. Calculate the remainder when f(h) is divided by ((-3)/2)/(21/(-196)).
12
Suppose 0*z - 120 = -5*q + 2*z, -2*q - 5*z + 48 = 0. Let d = q + 1. What is the remainder when 48 is divided by d?
23
Suppose -4*i = 4*m - 6*i + 18, 24 = -3*m + 5*i. Let o(c) = -5*c - 2. What is the remainder when 48 is divided by o(m)?
9
What is the remainder when 178 is divided by 2*-45*((-2)/6 - 0)?
28
Let x = 51 - 51. Suppose -11*f + f + 80 = x. Let h(m) = m**2 + 3*m - 4. What is the remainder when h(-6) is divided by f?
6
Let j = 5 + -3. Let z be 2/((0 - 2)/2) + 18. Let v = z - j. Calculate the remainder when v is divided by 4.
2
Suppose 0 = -4*d - j + 2*j, -5*j = -4*d. Suppose i = -d + 16. Calculate the remainder when 46 is divided by i.
14
Let a(x) = x + 5. Let r be ((0/1)/(-1))/(-2). Suppose 3*j + 6 = 5*j. What is the remainder when a(r) is divided by j?
2
What is the remainder when 139 is divided by -10*8/24*-6?
19
Let z = -45 - -48. Suppose 0 = 3*s - 15, 0*s - 42 = -z*p - 3*s. Calculate the remainder when 70 is divided by p.
7
Let t = 749 + -467. What is the remainder when t is divided by 41?
36
Let y(s) = -s**2 - 13*s - 10. Let i be y(-12). Let h = i - -5. Suppose -2*p + 91 = -3*l, 2*l - 190 = -5*p - 3*l. Calculate the remainder when p is divided by h.
6
Let q = 550 - 547. Calculate the remainder when 20 is divided by q.
2
Let j = 283 - 179. What is the remainder when j is divided by 29?
17
Suppose 7*l - 11*g = -10*g + 174, 3*g = l - 22. Suppose 2*d = 388 - 94. What is the remainder when d is divided by l?
22
Let l be 22/(-6) + (-4)/12. Let d(o) = o**3 + 4*o**2 + 3*o - 4. Let p be d(l). Let y = -7 - p. What is the remainder when y is divided by 6?
3
Suppose o - 135 = -3*k, 4*o + 242 = -98*k + 103*k. Calculate the remainder when k is divided by 34.
12
Calculate the remainder when 146 is divided by 162/8 + (105/28 - 3).
20
What is the remainder when (-27)/(-63) + 372/14 is divided by 6?
3
Suppose 35 = -4*s - 61. Let c = s - -87. Calculate the remainder when c is divided by 22.
19
Suppose 5*c - 111 = -m, -265 + 12 = -3*m + c. Calculate the remainder when 181 is divided by m.
9
Suppose -u = -22 - 3. Suppose 2*f - 5*b - 133 = 0, -2*f - 3*b + 154 = -b. What is the remainder when f is divided by u?
24
Let a(p) = 2*p + 13. Suppose -2*d = 0, -4*m + d + 2*d + 20 = 0. Suppose -5*j + 4*h + 53 = 0, m*h - 1 = -11. What is the remainder when a(j) is divided by 8?
7
Suppose -42 = 5*z - 17, 2*k - 2*z = 168. Let j(q) = -13*q**3 + 2*q**2 - q. Let b be j(1). Let r = 32 + b. Calculate the remainder when k is divided by r.
19
Suppose j + 0*j = 19. Suppose 2*n + 3*v - 2*v - j = 0, -v = n - 7. Calculate the remainder when 116 is divided by n.
8
Let k = 39 - 21. Let x(f) = 3*f + 42. Calculate the remainder when x(k) is divided by 17.
11
Let c(b) = -2*b + 189. Let i be c(0). Suppose 44 = l + i. Let j = l + 205. What is the remainder when j is divided by 16?
12
Let c = -1 + 5. Suppose 1132*p - 1150*p = -54. What is the remainder when c is divided by p?
1
Suppose -7*o = -83 - 162. Suppose 5 = -5*s + o. Calculate the remainder when 15 is divided by s.
3
Let h(c) = 34*c**2 + 2. What is the remainder when 70 is divided by h(-1)?
34
Let i = -85 - -148. Let l = 6851 + -6829. Calculate the remainder when i is divided by l.
19
Calculate the remainder when (-2)/((-10 + 4)/348) is divided by 23.
1
Let m(t) = 3*t - 13. Let l(o) = -3*o - 15. Let x be l(-7). Suppose -u + n = -3, 0*n - 8 = -4*u + 5*n. Calculate the remainder when u is divided by m(x).
2
Let b(s) = -5*s + 23. Let w be b(-9). Let v = -44 + w. Calculate the remainder when v is divided by 9.
6
Suppose 0 = -2*b + 38 - 26. Let n(v) = 6*v**2 - 27*v + 7. What is the remainder when n(b) is divided by 21?
19
Let t(q) = 5*q**3 - 2*q**2 - q + 3. Let n be t(2). Suppose -4*l = 3*g - g + 8, 3*l = 3*g - n. Calculate the remainder when 8 is divided by g.
2
Suppose -35 = -2*s - 3*f, -3*s - 5*f + 10*f = -24. Suppose -3*o = -o - 5*w - 58, -3*w - 6 = 0. Calculate the remainder when o is divided by s.
11
Suppose 4*j = j - 5*t + 76, j - 4*t = 14. Suppose m + 3 - 2 = -4*g, -2*g + m + 7 = 0. What is the remainder when j is divided by 12*g*(1 - 0)?
10
Let i(r) = -r**2 - 12*r + 14. Suppose -2*z - 8 = -16. Calculate the remainder when i(-10) is divided by z.
2
Let n(v) = v**3 + 12*v**2 - 12*v + 15. Let a be n(-13). Let t(y) = 18*y - 9. Let l = -12 - -26. What is the remainder when t(a) is divided by l?
13
Let a(k) = -10*k - 1. Let s be a(-1). Suppose 15*l - 714 = s*l. Calculate the remainder when l is divided by 8.
7
Let g = 0 + -24. Let r = g + 26. Suppose -2*m + 126 = r. Calculate the remainder when m is divided by 16.
14
Suppose 12 = 3*j - 3*d, j - 32 = -2*j - d. Suppose -2*y = -0*y - 402. Let c = y + -185. Calculate the remainder when c is divided by j.
7
Let a(k) = -2*k**3 - 16*k**2 + 8*k + 102. Calculate the remainder when a(-11) is divided by 53.
51
Let l = 2182 + -151. What is the remainder when l is divided by 127?
126
Suppose -8*g = -3*i - 6*g + 445, -5*i + 771 = 4*g. Calculate the remainder when i is divided by 17.
1